{"id":2,"date":"2019-01-15T10:59:47","date_gmt":"2019-01-15T10:59:47","guid":{"rendered":"http:\/\/www.gamonal.es\/burgos\/?page_id=2"},"modified":"2019-02-12T21:09:58","modified_gmt":"2019-02-12T21:09:58","slug":"about","status":"publish","type":"page","link":"http:\/\/www.gamonal.es\/burgos\/about\/","title":{"rendered":"Somos nosotros"},"content":{"rendered":"\n<img loading=\"lazy\" decoding=\"async\" src=\"http:\/\/www.gamonal.es\/burgos\/wp-content\/uploads\/2019\/02\/3_Joses_y_otro_pixel.jpg\" alt=\"3_Joses_y_otro_pixel\" itemprop=\"image\" title=\"3_Joses_y_otro_pixel\" onerror=\"this.style.display='none'\" width=\"640\" height=\"640\">\n\t<h3>EN POCAS PALABRAS<\/h3>\n<p>La mayor\u00eda de nosotros somos gente del barrio. Quiz\u00e1 no hayamos nacido aqu\u00ed pero desde luego, siendo muy, muy j\u00f3venes, empezamos nuestras andaduras y estudios por Gamonal.<\/p>\n\t<h3>NUESTRA HISTORIA<\/h3>\n<p>Es sencilla.<\/p>\n<p>Un grupo de amigos que se conocen desde hace ya muchos a\u00f1os y que tienen inquietud por contar cosas de esta zona de Burgos.<\/p>\n<p>Y lo m\u00e1s importante, que les ayudes con tus aportes, sugerencias&#8230;<\/p>\n\t<h3>\u00bfTE GUSTAR\u00cdA UNIRTE A NOSOTROS?<\/h3>\n<p>Es f\u00e1cil. Ponte en contacto. Vivimos cerca&#8230;<\/p>\n\t\t\t\t<img loading=\"lazy\" decoding=\"async\" src=\"http:\/\/www.gamonal.es\/burgos\/wp-content\/uploads\/bb-plugin\/cache\/Mosquetero_dartagnan-150x150-square.jpg\" alt=\"Mosquetero_dartagnan\" itemprop=\"image\" title=\"Mosquetero_dartagnan\" onerror=\"this.style.display='none'\" width=\"150\" height=\"150\">\n<h3>Jose &#8220;El matem\u00e1tico&#8221;<\/h3>\t\t\n\t\t\t<em>Founder &amp; CEO<br>\n<\/em>\n\t\t\t\t<img loading=\"lazy\" decoding=\"async\" src=\"http:\/\/www.gamonal.es\/burgos\/wp-content\/uploads\/bb-plugin\/cache\/Mosquetero_Portos-150x150-square.jpg\" alt=\"Mosquetero_Portos\" itemprop=\"image\" title=\"Mosquetero_Portos\" onerror=\"this.style.display='none'\" width=\"150\" height=\"150\">\n<h3>Javi &#8220;El teleco&#8221;<\/h3>\t\t\n\t\t\t<em>Founder &amp; CEO<br>\n<\/em>\n\t\t\t\t<img loading=\"lazy\" decoding=\"async\" src=\"http:\/\/www.gamonal.es\/burgos\/wp-content\/uploads\/bb-plugin\/cache\/Mosquetero_Athos-150x150-square.jpg\" alt=\"three musketeers - tre moschettieri\" itemprop=\"image\" title=\"Mosquetero_Athos\" onerror=\"this.style.display='none'\" width=\"150\" height=\"150\">\n<h3>Jose &#8220;El ingeniero&#8221;<\/h3>\t\t\n\t\t\t<em>Founder &amp; CEO<br>\n<\/em>\n\t\t\t\t<img loading=\"lazy\" decoding=\"async\" src=\"http:\/\/www.gamonal.es\/burgos\/wp-content\/uploads\/bb-plugin\/cache\/Mosquetero_Aramis-150x150-square.jpg\" alt=\"Mosquetero_Aramis\" itemprop=\"image\" title=\"Mosquetero_Aramis\" onerror=\"this.style.display='none'\" width=\"150\" height=\"150\">\n<h3>Jose &#8220;El ni\u00f1o&#8221;<\/h3>\t\t\n\t\t\t<p><em>Founder &amp; CEO<\/em><\/p>\n","protected":false},"excerpt":{"rendered":"<p>EN POCAS PALABRAS La mayor\u00eda de nosotros somos gente del barrio. Quiz\u00e1 no hayamos nacido aqu\u00ed pero desde luego, siendo&hellip;<\/p>\n","protected":false},"author":1,"featured_media":0,"parent":0,"menu_order":0,"comment_status":"closed","ping_status":"closed","template":"","meta":{"footnotes":""},"_links":{"self":[{"href":"http:\/\/www.gamonal.es\/burgos\/wp-json\/wp\/v2\/pages\/2"}],"collection":[{"href":"http:\/\/www.gamonal.es\/burgos\/wp-json\/wp\/v2\/pages"}],"about":[{"href":"http:\/\/www.gamonal.es\/burgos\/wp-json\/wp\/v2\/types\/page"}],"author":[{"embeddable":true,"href":"http:\/\/www.gamonal.es\/burgos\/wp-json\/wp\/v2\/users\/1"}],"replies":[{"embeddable":true,"href":"http:\/\/www.gamonal.es\/burgos\/wp-json\/wp\/v2\/comments?post=2"}],"version-history":[{"count":11,"href":"http:\/\/www.gamonal.es\/burgos\/wp-json\/wp\/v2\/pages\/2\/revisions"}],"predecessor-version":[{"id":398,"href":"http:\/\/www.gamonal.es\/burgos\/wp-json\/wp\/v2\/pages\/2\/revisions\/398"}],"wp:attachment":[{"href":"http:\/\/www.gamonal.es\/burgos\/wp-json\/wp\/v2\/media?parent=2"}],"curies":[{"name":"wp","href":"https:\/\/api.w.org\/{rel}","templated":true}]}}